et o(d) = 1271*d**2 + 4*d. List the prime factors of o(s).
7, 181
Let c(y) = -y - 14. Let i be c(-27). Suppose -3*s + 1569 = -9*a + i*a, 0 = -a + 4*s + 416. List the prime factors of a.
2, 3, 11
Suppose 520399 = 86*a - 699683. List the prime factors of a.
3, 4729
Suppose -34 = -8*k - 2. Suppose 165 + 67 = k*b. What are the prime factors of b?
2, 29
Let c be (60/(-8))/(-2*(-2)/(-88)). Suppose 0*f + 163 = f - 2*h, -f = -3*h - c. Let q = f - 50. List the prime factors of q.
109
Let s = -10766 + 28172. List the prime factors of s.
2, 3, 967
Let q(a) = -44*a**2 - 5*a - 6. Let j(o) = 45*o**2 + 4*o + 6. Let r(l) = -2*j(l) - 3*q(l). List the prime factors of r(-4).
2, 5, 13
Suppose 3*g - 5*b = 3 - 1, -4*b = -20. Let m be 3/(-9) + (3288/g)/4. List the prime factors of ((-70)/m)/5 - 1458/(-13).
2, 7
List the prime factors of 8 - (2*-6079 - (-252)/28).
12157
Let d be 38751/27 + (-7)/(126/4). Suppose 3*r - 1068 = q, -7*q = -4*r - 2*q + d. List the prime factors of r.
5, 71
Suppose -3*l - 63 = -k, 5*l + 26*k + 105 = 21*k. Let j(w) = -7*w - 29. List the prime factors of j(l).
2, 59
Let c(h) be the third derivative of 31*h**4/24 - 32*h**3/3 - 61*h**2. List the prime factors of c(4).
2, 3, 5
Let h = -246 - -243. Let u(s) = -s**3 + 4*s**2 + 6*s + 3. List the prime factors of u(h).
2, 3
Let t = -14348 - -22003. What are the prime factors of t?
5, 1531
Let g = 18704 - 14909. What are the prime factors of g?
3, 5, 11, 23
Suppose -2496*l = -2474*l - 539833 - 180689. List the prime factors of l.
3, 1213
Let h = -769 + 769. Let j(b) = -b**2 - 51*b + 864. List the prime factors of j(h).
2, 3
Suppose 4*i - 5*l - 600 = 0, -i - 310 = -3*i + 5*l. Suppose j + 2*v = 201, -3*v + i = 2*j - 257. What are the prime factors of j?
3, 67
Let u be 1 + (-12)/9 + (-1878)/(-18). What are the prime factors of (u/(-78))/(4/(-210))?
2, 5, 7
Suppose 0 = -61*c + 78*c - 64294. Suppose -2*k + 5*k = 3*m - 3780, 5*k = 3*m - c. What are the prime factors of m?
1259
Let n(s) = -s**3 + 9*s**2 + 1. Let r be n(9). Let c(u) = 2*u**2 - 15*u - 30. Let y(l) = -l. Let v(p) = r*c(p) - 4*y(p). List the prime factors of v(13).
3, 5, 11
Suppose 4*s - 4*j = -16, 3*s - 2*j + 8 = 6*s. Suppose 3*i - 3*b - 23 = -2, 4*i + 3*b + 7 = s. List the prime factors of (i/8)/((-1)/(-12)) - -61.
2
Let v be -179*(-80)/4 + -4. Let m(d) = d**3 - 5*d**2 + 13*d - 19. Let n be m(7). Suppose -n + v = 13*h. List the prime factors of h.
2, 131
Let i(p) = 2*p - 18. Let d be i(10). Let y(w) = 4*w**2 - 4*w - 2. Let j be y(d). What are the prime factors of 4 + -6 + 11*j + 2?
2, 3, 11
Suppose -8*j = -6*j - 4. Suppose -4*k - 434 = -2*h, -j*h - 3*k + 427 = -0*h. Suppose 0 = -3*d + q + h, 0 = -d - 4*q + 118 - 29. What are the prime factors of d?
73
Let u(k) = 47*k - 4. Let j(q) = -q**3 + q**2 - q + 6. Let z be j(0). Suppose 10*b = z*b + 8. What are the prime factors of u(b)?
2, 3, 5
Suppose 439*m = 465*m - 1834768. List the prime factors of m.
2, 8821
Let f(t) = -3*t**3 + 83*t**2 - 71*t - 270. List the prime factors of f(-20).
2, 3, 5, 389
Suppose 6*i = -2*v + 5*i - 194, -v - 97 = -i. Let c = 291 + v. List the prime factors of c.
2, 97
Suppose 0 = 3*m + 3, j - m + 0*m - 4 = 0. Suppose -4*h + 2 - 6 = 0, j*h + 9103 = 5*v. Suppose 21*s - v = 7*s. What are the prime factors of s?
2, 5, 13
Suppose 0 = p + 135 - 137. Let y = -9 + 12. Suppose g = -0*r + y*r + 74, g = -p*r + 64. List the prime factors of g.
2, 17
Suppose -2*i = 2*v - 51254, 42*v = 4*i + 37*v - 102454. List the prime factors of i.
25621
Suppose h = -16 + 19. Suppose -3*n - 4*u + 6 - 22 = 0, 5*u = -h*n - 20. Suppose 5*k - 66 - 144 = n. What are the prime factors of k?
2, 3, 7
Suppose -b + 0*r = 2*r - 12, 0 = b - 2*r + 4. Suppose -4*d + 79 = -i, 0 = b*i - 2 - 2. Suppose -d*n + 576 = -16*n. List the prime factors of n.
2, 3
Let n(b) = -9*b**3 + 122*b - 7. List the prime factors of n(-13).
2, 3, 5, 101
Let a(l) = -l**2 + 84*l - 393. Let y be a(5). Let i(q) = -q**3 - 6*q**2 - 2*q - 8. Let h be i(-6). What are the prime factors of (y + 114)*-1*h/(-16)?
29
Suppose 22*o - 19*o - 7200 = -5*p, -4*p = -3*o + 7227. What are the prime factors of o?
5, 13, 37
Suppose -4*c + 3*l = -21, -2*c - 6*l + 11*l = -7. Suppose 5456 = 5*o + w, -4*o = -c*o - 2*w + 2184. What are the prime factors of o?
1091
Suppose 3*r - 5*y - 42 = 201, -r + 71 = -5*y. Let g = 85 + -34. Let w = r - g. What are the prime factors of w?
5, 7
Suppose -4*z + 3*a = 251, -z + 0*a + 2*a - 59 = 0. Let l = z - -65. Suppose 0 = 2*c - l*c - 196. What are the prime factors of c?
2, 7
Suppose 4*g + 42 = 58. Suppose -5*r + 5*i = -890, r + i - 180 = g*i. Suppose r + 71 = 2*z. List the prime factors of z.
2, 31
Suppose 5*f - 30 = -2*i - 3, 3*f - 11 = 4*i. Let v(c) = 4*c + 7. Let q be v(f). Suppose 26*b + 53 = q*b. List the prime factors of b.
53
Suppose 8*h - 24*h - 1344 = 0. Let m = 105 + h. List the prime factors of m.
3, 7
Let p = 30535 - 574. What are the prime factors of p?
3, 3329
Let v be 596*1 + (1 + 0 - 0). Suppose -5*y - 47 = -v. Suppose -d + y = 19. What are the prime factors of d?
7, 13
Suppose -7*s - 124 = -2*w - 11*s, -5*s - 208 = -3*w. Suppose -w*u + 13110 = -20*u. What are the prime factors of u?
3, 5, 19
Let a = 40 + -39. Let u be (-515)/5*(-2)/a. Suppose -4*m = -2*x - u, 5*x - 120 = -3*m + 2. What are the prime factors of m?
7
Let t(v) = -v**3 + 14*v**2 - 21*v + 44. Let j be t(-13). Suppose -2*d = 3*d - j. List the prime factors of d.
2, 61
Suppose -4*b + 85 = 333. Let p = b - -201. List the prime factors of p.
139
Suppose 2 = -4*c + c - 5*s, 5*c = s + 6. Let x = 637 - 798. List the prime factors of (x - c)/(21/(-28)).
2, 3
Suppose 6*j - 2*j - 2*x = 1144, -2*j + 2*x = -572. Let s be 4/((-48)/(-30)) - (-254)/(-4). Let o = j + s. List the prime factors of o.
3, 5
What are the prime factors of ((-138)/(-4))/(-9*(-3)/17352)?
2, 23, 241
Let c(b) = 38*b**2 - 146*b - 3003. What are the prime factors of c(-20)?
3, 5039
Suppose -n - 32440 = -4*s + 70413, -2*s + 51404 = 2*n. List the prime factors of s.
7, 3673
Suppose -3*o + 2*c = c + 25, 75 = -5*o - 5*c. Let h(x) = -140*x - 86. What are the prime factors of h(o)?
2, 3, 73
Let s(t) = 173*t**2 - 66*t + 711. What are the prime factors of s(8)?
5, 2251
Suppose 20*p - 644 = 16*p. Let i = -66 + p. Suppose i*g + 489 = 98*g. What are the prime factors of g?
163
Let o = -447 + 444. What are the prime factors of -5 - o*(228 - 6)?
661
Suppose -5*x = -4*k - 38831 + 169367, 4*k - x = 130504. What are the prime factors of k?
2, 2039
Suppose 7*o - 6925 = 7775. Suppose 0 = -17*p - 4*p + o. List the prime factors of p.
2, 5
Let x(i) = 21*i + 742. List the prime factors of x(27).
7, 11, 17
Suppose -4*n - 5 - 11 = 0, -2*x = 5*n + 14. Suppose 3 = x*z, 1 = -4*b + 2*z - z. Suppose b = o + 4*o - 740. What are the prime factors of o?
2, 37
Let l be -72*7/((-112)/12). Let j = l + -47. Suppose 39 + 689 = j*s. List the prime factors of s.
2, 13
List the prime factors of 59472/7 - (-3)/((-24)/(-40)).
8501
Let w = 479 + -487. List the prime factors of -5 + (-11542)/(-16) - (-3)/w.
2, 179
Suppose 108 = 23*z - 17*z. What are the prime factors of 3/(-6) + 6237/z?
2, 173
Let m = 109940 + -58756. List the prime factors of m.
2, 7, 457
Let r = 346 + -334. Suppose -n - r = 4*y - 180, -2*y = 3*n - 534. List the prime factors of n.
2, 3, 5
Let r = -199 + 190. What are the prime factors of -6*(453/r - 2)?
2, 157
Let c(f) = 2301*f - 28. What are the prime factors of c(9)?
20681
Let s(w) = w**2 + 8*w - 102. Let n be s(7). Suppose 0*i = n*l + 3*i - 537, -5*i = -3*l + 529. What are the prime factors of l?
2, 89
Suppose 4*n = k - 28, -2*n - 2 = -n. Let o be 36*1*15/k. Suppose o*v - 252 = 24*v. What are the prime factors of v?
2, 3, 7
Suppose 1088*u - 85146 = 1065*u. What are the prime factors of u?
2, 3, 617
Suppose m + 30 = k + 4*k, k + 5*m = -20. What are the prime factors of (3/2)/(k*3/190)?
19
Suppose 317*y - 21*y - 10847914 = -51*y. What are the prime factors of y?
2, 7, 11, 29
Let s(c) = 1117*c - 330. What are the prime factors of s(3)?
3, 19, 53
Suppose 2*w + 9*y - 2130 = 11*y, 5*y = -25. Suppose -w = -5*s + 2*b, 3*b = -6*s + 3*s + 657. List the prime factors of s.
2, 107
Let f = -1829 + 3133. Suppose 1336 = 2*w - 5*a, -2*w + 28*a + f = 31*a. List the prime factors of w.
2, 7, 47
Suppose -2*p = -2*a + 4, -3*a - 